45 + 65
-53
What is the value of 167 + -169 - (1 - (47 - -2) - (4 - -1))?
51
Evaluate -48 + (31 - -11) - -42.
36
Evaluate (19 - (24 - 14)) + -15 - (-33 + 20).
7
3 + (5 - -7 - (27 - (20 - -7)))
15
-134 + -69 + 188 - (1 + -89)
73
Calculate 0 + -18 - (-44 + (59 - 19)).
-14
(-6 - 0 - (-45 + 51 - 1)) + 100 + -1
88
Calculate (39 - -2) + ((-16 - -31) + -17 - -8) + -11.
36
What is the value of -9 - (47 + -32 + -23)?
-1
-76 + 78 + 18 + (-5 - (-8 + -3)) - 2
24
What is -49 - ((-7 - 91) + 138)?
-89
Evaluate -35 - (77 - 30 - 68) - -10.
-4
Evaluate -119 + -59 + 146 - -154.
122
Calculate -50 + -64 + 103 + -47.
-58
What is the value of -1 - -4 - (478 - 494)?
19
Evaluate -2 + -72 - (-2150 - -2114).
-38
Calculate 16 - -38 - -2 - 103.
-47
What is 53 + (0 + 1 - 1) + -113 + -56 + 160?
44
What is (-52 - -43) + -22 + 134?
103
Calculate 18 - 7 - (-25 - (11 - 13) - -3).
31
What is the value of -3 + (0 - 2 - 10) - (-30 + 44)?
-29
-6 - (8 + 13 - 22 - 28)
23
What is the value of (0 - (-2 - -2)) + 2 + (17 - 23) + 49?
45
What is -1 + 1 + 1 + (46 - 32 - -12)?
27
Evaluate (24 + 1 - 133) + -1 + 21 + 35 + -40.
-93
Evaluate -11 - (-4 - (-102 - -15)).
-94
Evaluate -11 + -5 + (6 - -7) + 9 + -1.
5
What is (936 - 955) + (-1 - 0) + 19?
-1
Evaluate -18 + (-28 + 16 - -13).
-17
37 - (-51 + 43) - 43
2
What is the value of -112 - (-59 + (-47 - -66))?
-72
Evaluate (2 - -6 - -6 - 9) + (48 - (2 + -6)).
57
89 + (-14 - (6 - 25) - (6 + -8 - -5))
91
Evaluate (1 - 6) + -4 + -10 + 22 + (-1 - 7).
-5
69 + 27 + (11 - 36)
71
Evaluate -124 - -139 - (-27 + -2).
44
What is (10 - 7) + (8 - -6 - 33) + 79?
63
(-5 + -6 - -24) + (-92 + 1 - (114 - 122))
-70
Evaluate 5 + (130 - 2) + (-24 - -26) - (7 + -10).
138
What is the value of 6 - (135 + (-145 - -29) + (1 - 55))?
41
Calculate 11 - ((97 - 117) + (1 - 12) + -2).
44
What is -12 - ((7 - -9) + -8)?
-20
Calculate -86 - (-46 - (26 + -25)).
-39
Calculate -38 + (-10 - 0 - (-919 - -923)).
-52
What is the value of 47 + -4 + 2 + -2 - (97 - 85)?
31
1 - 31 - (141 - 145) - -81
55
What is the value of 76 + (-161 - (-89 - -117))?
-113
Calculate 37 - ((-28 - -78) + -43).
30
Calculate 19 - (9 + 34) - -57.
33
-140 - (-14 + 20 + -1) - (0 - 2)
-143
What is 21 + 0 + -43 - -43?
21
What is (-30 - (-84 - -37)) + 5 + 22?
44
Evaluate 3 + 22 + 47 + -137.
-65
Evaluate -64 + (-10 + (10 - 12) - -5 - -11).
-60
What is 17 - (16 - (-23 - (-36 - 2)))?
16
What is the value of -1 - 1 - (190 + -208) - 3?
13
Calculate 2 - (16 + -4 - (-22 - -27)).
-5
What is (-19 - 0 - (39 + -47)) + 19 - 0?
8
Evaluate (-42 + 13 - -56) + -13.
14
Calculate -55 - (25 + (49 - 56) + (-30 - -2)).
-45
What is 3193 - 3215 - (20 + 2 + -1)?
-43
What is the value of -94 + 1 - (-123 - (-185 + 40)) - -3?
-112
Calculate (4 - -2) + -5 - (9 - (14 + 39)).
45
What is the value of 16 + -5 + ((-15 - 6) + 19 - 59)?
-50
Evaluate 21 + -69 - (24 + 2 - 14 - (-4 + 1)).
-63
What is the value of (-87 - -93) + -96 - -116?
26
-6 + 20 + -7 + 4 - 28 - 16
-33
Evaluate (1 - 10) + 7958 + -7944.
5
Evaluate 11 + ((92 - 85) + 1 + -1 - 14) + -61.
-57
(0 - -6 - (172 + -162)) + (0 - (-5 + 59))
-58
Evaluate (-35 - -15 - 4) + 21 + -20.
-23
(-121 - -79) + (-3 - -35) + 54
44
4 - ((-36 - (-11 + 25)) + 10) - (-8 + 3)
49
Evaluate (33 - -1) + -3 - (271 + -182).
-58
Calculate (24 - 54 - -17 - -4) + -37.
-46
Evaluate -43 - (12 + -19) - (2 + -18 - -6).
-26
Calculate 1 + (2 - (67 - 57)).
-7
Evaluate (-262 + 250 - (1 - 13)) + 1 + 23.
24
What is the value of -36 + 100 - (62 - 49)?
51
(0 - 1) + (-29 - (-46 + 0)) - -94
110
What is the value of -40 - (-7 + -35 + 20 - -8)?
-26
What is -4 - (-38 + (11 - (13 - 12)) + -9)?
33
-121 + (10 - (-21 - 23)) + -22 + -10
-99
-17 + 14 + -18 + 24 + 51
54
Evaluate -22 + 20 + -35 + 25 - (0 + 2).
-14
Calculate (-56 - -48) + -4 + 94 + -2 - 14.
66
What is 23 - (-112 - (-148 + 38) - (-1 - -117))?
141
What is the value of (5 - 6) + ((112 - 44) + 1 + -8 - -4)?
64
Calculate (60 - (6 - (13 + -4))) + (-3 - (-3 - -2)).
61
What is the value of 86 + -113 - (-5 + -31)?
9
What is 121 + (224 - 133 - 325)?
-113
Evaluate -77 + (22 - 11) - 8 - (-3 + 5) - 11.
-87
What is the value of -43 - (-11 - (2 + -10) - (-12 + 0))?
-52
What is the value of -4 + 60 + (3423 - 3358)?
121
Evaluate 40 + -1 + (6 - 26 - -10 - (4 - 16)).
41
What is 87 + (-2 - 53 - (-197 - -172))?
57
1 + -28 + (167 - 115)
25
Calculate -6 - (-190 + (14 - -163) - (1 + -2 + -47)).
-41
-66 - 22 - -159 - 59
12
What is the value of -8 + 26 + -7 - (-30 - (-10 - -14))?
45
What is (-17 - 22 - (11 + 6)) + 21?
-35
Evaluate 24 + -31 + 10 + (-5 - (-11 - -8)) + 104.
105
(-30 - -49) + -29 + 25 + -66
-51
Evaluate -15 - (7 + -8 + (-61 - -9)).
38
Calculate (10 - (2 + 9 + (0 - -2))) + -56.
-59
What is the value of (-14 - (-21 - 1)) + -68 - -23?
-37
What is the value of -6 + 10 + -44 + (9 - -3) + -5?
-33
Evaluate 11 + 3 + (8 - 7 - 49).
-34
What is (10 - 14) + 11 - (-4 + (4 - 0)) - 78?
-71
Calculate 829 + -907 + -2 + (6 - -16).
-58
Calculate -2 + -72 + (-13 - (-15 - 13)).
-59
Evaluate (-41 - 1) + (29 + 36 - -29).
52
(-47 - (-11 + -19)) + -14
-31
2 + -2 + -3 - 24 - (244 - 240)
-31
Evaluate 47 + (-37 + 126 - 186).
-50
Calculate 40 + -51 + 2 - 18.
-27
What is the value of -7 + 27 + (-31 - -19) + -42?
-34
What is the value of (-58 - -3) + 1 + 6 + -3 - (-29 + 31)?
-53
Calculate (6 - (-41 - (0 + -21))) + -12.
14
Calculate 24 + (-17 - (-2 + 0)) + -11 + 51.
49
Calculate -28 - (-31 + 55 + 29 - 28).
-53
What is -10 - -1 - (-37 - ((-15 - -23) + -25))?
11
What is the value of -5 - (-7 + (-13 - (-6 - 7)) - -29)?
-27
What is the value of 25 + -26 + -7 + 9 + -8 + -1 + -113?
-121
What is the value of -133 - -124 - (-76 + 9) - -27?
85
What is 15 + (50 - 18 - 32)?
15
9 + (1 - 16 - (844 - 823))
-27
Evaluate (-1 + 17 - (-52 - -53)) + 15.
30
What is the value of -6 - 4 - (9 + 2 - (-15 + 36)) - -23?
23
Evaluate 7 + -9 - 0 - (42 + -13 + (21 - -1)).
-53
Calculate (4 - (12 + (-1 - 1))) + 7 + -41.
-40
Calculate -1 + -2 + (-188 - -183) + 40.
32
Calculate (-98 - -101) + (-1 - 13) + 16.
5
Calculate 47 + (-14 - 15) - (112 - 47).
-47
Calculate -24 + 75 + (39 - -7).
97
What is -5765 + 5804 - (0 + -49)?
88
Calculate 29 - (-1 + (6 - -85)).
-61
Calculate -98 - (-151 - (136 - 135)).
54
What is -75 + 2 + (28 - 36 - -23) + -6?
-64
What is -71 + 32 - (-29 - 5) - (-79 - 0)?
74
(19 - (-14 - -63)) + 88
58
What is the value of -47 - 6 - ((-84 - -70) + 8)?
-47
What is -7 + -1 + (21 - (-2 + 9)) + -45 + 1?
-38
What is -12 - 2 - -9 - (10 + -7 + 5 + 0)?
-13
(-34 - -12 - (26 + -30)) + (-7 - 1)
-26
Evaluate -17 + (-9 + 0 + 0 - (226 + -272)).
20
4 + -29 + -14 + -44 - -37
-46
Calculate 20 + (-93 - -69 - (-4 - (-8 + 0))).
-8
What is the value of -6 - (-7 + (-7 + 6 - (57 - 20)))?
39
What is -39 + -65 + 110 + 31?
37
Calculate (6 + 108 - 28) + 5 + (-8 - (-6 - -14)).
75
What is -15 + -21 + (13 - ((-20 - -8) + 17))?
-28
-1 + 42 - 6 - (2 + -11 + -3 - -7)
40
What is the value of -1 + 24 + -32 + -32 + 1 - (0 + -2)?
-38
Evaluate -8 + 17 + -15 + -13 + 24 + -80.
-75
What is (3 - -7) + 1 + -1 + (-173 - -150)?
-13
Evaluate (25 - 2) + 2 + (-30 - -27).
22
What is -72 - ((1 - -5) + (-34 - -11))?
-55
Calculate -5 + 16 + -9 + (8 - 7) - 10 - -34.
27
What is (-4 - 1) + 11 + 7 - 11 - -25?
27
Evaluate (-16 - -44) + -45 + (33 - 32).
-16
What is the value of 64 + -113 + 29 + 45?
25
Evaluate 8853 + -8903 + (-3 - -1 - (0 - (-4 + 2))).
-54
-40 + 109 + (49 - (-18 - -36))
100
Evaluate (228 - 105 - 305) + 100.
-82
Evaluate -5 + 2 + (-2 - 3) - (22 - (218 - 111)).
77
Calculate 51 + -60 - (-12 - -21).
-18
Calculate (19 - 2 - 7) + -28 - (0 + 8 + -16).
-10
Calculate 11 + 18 + -15 + -50 + (-11 - -2).
-45
Evaluate 19 - (87 + -56) - ((-3 + 7 - 2) + -10).
-4
-20 + 1 + -16 + 18 + 12 + -14 + 8
-11
Evaluate (14 + -48 - 68) + (-7 - 6) + -1.
-116
1 + 2 + 14 + 3 - 63
-43
What is the value of 0 - ((25 + -14 - 22) + 18) - 16?
-23
Calculate (8 + -18 - -15) + -14 + 41 + 17.
49
Evaluate -19 + -1 + 51 + -52.
-21
What is the value of 2 + (22 + 1 - (-4 + 16 + -6))?
19
What is the value of (-17 - 4) + -40 + 39 + 33?
11
Calculate 10 + (4 + -2 - 5) + (-6 - (-23 - -14)).
10
Calculate (48 - (-54 - -20)) + -81.
1
Calculate -141 - (33 + (-156 - -100)).
-118
What is -101 - -168 - (-9 - (6 + -1) - 3)?
84
What is -25 - -52 - 28 - -1 - (-10 + 1)?
9
What is the value of -131 + 154 + -19 + -102 + 3 + -2?
-97
Calculate -37 -